{"id":156,"date":"2023-02-19T17:21:03","date_gmt":"2023-02-19T17:21:03","guid":{"rendered":"http:\/\/gicosta.com\/?page_id=156"},"modified":"2023-02-19T17:35:49","modified_gmt":"2023-02-19T17:35:49","slug":"contacto","status":"publish","type":"page","link":"https:\/\/gicosta.com\/index.php\/contacto\/","title":{"rendered":"Contacto"},"content":{"rendered":"\n<p>Si est\u00e1s buscando asesoramiento pol\u00edtico y estrat\u00e9gico para tus campa\u00f1as, proyectos y elecciones, no dudes en contactarnos.<\/p>\n\n\n\n<p>En Arconte, estamos comprometidos en ofrecer servicios basados en la investigaci\u00f3n y adaptados a las necesidades de nuestros clientes en el \u00e1mbito pol\u00edtico y electoral. <\/p>\n\n\n\n<p>Nuestra experiencia nos permite trabajar en estrecha colaboraci\u00f3n contigo para dise\u00f1ar estrategias efectivas y exitosas, en pos de alcanzar los objetivos de manera eficiente.<\/p>\n\n\n\n<p>Para presupuestos y planificaci\u00f3n, agendemos una reuni\u00f3n.<\/p>\n\n\n\n<p><\/p>\n\n\n\n<div class=\"wp-block-columns is-layout-flex wp-container-core-columns-is-layout-28f84493 wp-block-columns-is-layout-flex\">\n<div class=\"wp-block-column is-layout-flow wp-block-column-is-layout-flow\" style=\"flex-basis:100%\">\n<div class=\"wp-block-contact-form-7-contact-form-selector\"><p class=\"wpcf7-contact-form-not-found\"><strong>Error:<\/strong> Formulario de contacto no encontrado.<\/p><\/div>\n<\/div>\n<\/div>\n","protected":false},"excerpt":{"rendered":"<p>Si est\u00e1s buscando asesoramiento pol\u00edtico y estrat\u00e9gico para tus campa\u00f1as, proyectos y elecciones, no dudes en contactarnos. En Arconte, estamos comprometidos en ofrecer servicios basados en la investigaci\u00f3n y adaptados a las necesidades de nuestros clientes en el \u00e1mbito pol\u00edtico y electoral. Nuestra experiencia nos permite trabajar en estrecha colaboraci\u00f3n contigo para dise\u00f1ar estrategias efectivas [&hellip;]<\/p>\n","protected":false},"author":1,"featured_media":0,"parent":0,"menu_order":0,"comment_status":"closed","ping_status":"closed","template":"","meta":{"_joinchat":[],"footnotes":""},"class_list":["post-156","page","type-page","status-publish","hentry"],"yoast_head":"<!-- This site is optimized with the Yoast SEO plugin v27.4 - https:\/\/yoast.com\/product\/yoast-seo-wordpress\/ -->\n<title>Contacto<\/title>\n<meta name=\"robots\" content=\"index, follow, max-snippet:-1, max-image-preview:large, max-video-preview:-1\" \/>\n<link rel=\"canonical\" href=\"https:\/\/gicosta.com\/index.php\/contacto\/\" \/>\n<meta property=\"og:locale\" content=\"es_ES\" \/>\n<meta property=\"og:type\" content=\"article\" \/>\n<meta property=\"og:title\" content=\"Contacto\" \/>\n<meta property=\"og:description\" content=\"Si est\u00e1s buscando asesoramiento pol\u00edtico y estrat\u00e9gico para tus campa\u00f1as, proyectos y elecciones, no dudes en contactarnos. En Arconte, estamos comprometidos en ofrecer servicios basados en la investigaci\u00f3n y adaptados a las necesidades de nuestros clientes en el \u00e1mbito pol\u00edtico y electoral. Nuestra experiencia nos permite trabajar en estrecha colaboraci\u00f3n contigo para dise\u00f1ar estrategias efectivas [&hellip;]\" \/>\n<meta property=\"og:url\" content=\"https:\/\/gicosta.com\/index.php\/contacto\/\" \/>\n<meta property=\"og:site_name\" content=\"Consultora Arconte\" \/>\n<meta property=\"article:modified_time\" content=\"2023-02-19T17:35:49+00:00\" \/>\n<meta name=\"twitter:card\" content=\"summary_large_image\" \/>\n<meta name=\"twitter:label1\" content=\"Tiempo de lectura\" \/>\n\t<meta name=\"twitter:data1\" content=\"1 minuto\" \/>\n<script type=\"application\/ld+json\" class=\"yoast-schema-graph\">{\"@context\":\"https:\\\/\\\/schema.org\",\"@graph\":[{\"@type\":\"WebPage\",\"@id\":\"https:\\\/\\\/gicosta.com\\\/index.php\\\/contacto\\\/\",\"url\":\"https:\\\/\\\/gicosta.com\\\/index.php\\\/contacto\\\/\",\"name\":\"Contacto\",\"isPartOf\":{\"@id\":\"https:\\\/\\\/gicosta.com\\\/#website\"},\"datePublished\":\"2023-02-19T17:21:03+00:00\",\"dateModified\":\"2023-02-19T17:35:49+00:00\",\"breadcrumb\":{\"@id\":\"https:\\\/\\\/gicosta.com\\\/index.php\\\/contacto\\\/#breadcrumb\"},\"inLanguage\":\"es\",\"potentialAction\":[{\"@type\":\"ReadAction\",\"target\":[\"https:\\\/\\\/gicosta.com\\\/index.php\\\/contacto\\\/\"]}]},{\"@type\":\"BreadcrumbList\",\"@id\":\"https:\\\/\\\/gicosta.com\\\/index.php\\\/contacto\\\/#breadcrumb\",\"itemListElement\":[{\"@type\":\"ListItem\",\"position\":1,\"name\":\"Portada\",\"item\":\"https:\\\/\\\/gicosta.com\\\/\"},{\"@type\":\"ListItem\",\"position\":2,\"name\":\"Contacto\"}]},{\"@type\":\"WebSite\",\"@id\":\"https:\\\/\\\/gicosta.com\\\/#website\",\"url\":\"https:\\\/\\\/gicosta.com\\\/\",\"name\":\"Consultora Arconte\",\"description\":\"Consultor\u00eda Pol\u00edtica y Estrat\u00e9gica\",\"publisher\":{\"@id\":\"https:\\\/\\\/gicosta.com\\\/#organization\"},\"potentialAction\":[{\"@type\":\"SearchAction\",\"target\":{\"@type\":\"EntryPoint\",\"urlTemplate\":\"https:\\\/\\\/gicosta.com\\\/?s={search_term_string}\"},\"query-input\":{\"@type\":\"PropertyValueSpecification\",\"valueRequired\":true,\"valueName\":\"search_term_string\"}}],\"inLanguage\":\"es\"},{\"@type\":\"Organization\",\"@id\":\"https:\\\/\\\/gicosta.com\\\/#organization\",\"name\":\"Consultora Arconte\",\"url\":\"https:\\\/\\\/gicosta.com\\\/\",\"logo\":{\"@type\":\"ImageObject\",\"inLanguage\":\"es\",\"@id\":\"https:\\\/\\\/gicosta.com\\\/#\\\/schema\\\/logo\\\/image\\\/\",\"url\":\"https:\\\/\\\/gicosta.com\\\/wp-content\\\/uploads\\\/2023\\\/01\\\/Diseno-sin-titulo-1.png\",\"contentUrl\":\"https:\\\/\\\/gicosta.com\\\/wp-content\\\/uploads\\\/2023\\\/01\\\/Diseno-sin-titulo-1.png\",\"width\":500,\"height\":500,\"caption\":\"Consultora Arconte\"},\"image\":{\"@id\":\"https:\\\/\\\/gicosta.com\\\/#\\\/schema\\\/logo\\\/image\\\/\"}}]}<\/script>\n<!-- \/ Yoast SEO plugin. -->","yoast_head_json":{"title":"Contacto","robots":{"index":"index","follow":"follow","max-snippet":"max-snippet:-1","max-image-preview":"max-image-preview:large","max-video-preview":"max-video-preview:-1"},"canonical":"https:\/\/gicosta.com\/index.php\/contacto\/","og_locale":"es_ES","og_type":"article","og_title":"Contacto","og_description":"Si est\u00e1s buscando asesoramiento pol\u00edtico y estrat\u00e9gico para tus campa\u00f1as, proyectos y elecciones, no dudes en contactarnos. En Arconte, estamos comprometidos en ofrecer servicios basados en la investigaci\u00f3n y adaptados a las necesidades de nuestros clientes en el \u00e1mbito pol\u00edtico y electoral. Nuestra experiencia nos permite trabajar en estrecha colaboraci\u00f3n contigo para dise\u00f1ar estrategias efectivas [&hellip;]","og_url":"https:\/\/gicosta.com\/index.php\/contacto\/","og_site_name":"Consultora Arconte","article_modified_time":"2023-02-19T17:35:49+00:00","twitter_card":"summary_large_image","twitter_misc":{"Tiempo de lectura":"1 minuto"},"schema":{"@context":"https:\/\/schema.org","@graph":[{"@type":"WebPage","@id":"https:\/\/gicosta.com\/index.php\/contacto\/","url":"https:\/\/gicosta.com\/index.php\/contacto\/","name":"Contacto","isPartOf":{"@id":"https:\/\/gicosta.com\/#website"},"datePublished":"2023-02-19T17:21:03+00:00","dateModified":"2023-02-19T17:35:49+00:00","breadcrumb":{"@id":"https:\/\/gicosta.com\/index.php\/contacto\/#breadcrumb"},"inLanguage":"es","potentialAction":[{"@type":"ReadAction","target":["https:\/\/gicosta.com\/index.php\/contacto\/"]}]},{"@type":"BreadcrumbList","@id":"https:\/\/gicosta.com\/index.php\/contacto\/#breadcrumb","itemListElement":[{"@type":"ListItem","position":1,"name":"Portada","item":"https:\/\/gicosta.com\/"},{"@type":"ListItem","position":2,"name":"Contacto"}]},{"@type":"WebSite","@id":"https:\/\/gicosta.com\/#website","url":"https:\/\/gicosta.com\/","name":"Consultora Arconte","description":"Consultor\u00eda Pol\u00edtica y Estrat\u00e9gica","publisher":{"@id":"https:\/\/gicosta.com\/#organization"},"potentialAction":[{"@type":"SearchAction","target":{"@type":"EntryPoint","urlTemplate":"https:\/\/gicosta.com\/?s={search_term_string}"},"query-input":{"@type":"PropertyValueSpecification","valueRequired":true,"valueName":"search_term_string"}}],"inLanguage":"es"},{"@type":"Organization","@id":"https:\/\/gicosta.com\/#organization","name":"Consultora Arconte","url":"https:\/\/gicosta.com\/","logo":{"@type":"ImageObject","inLanguage":"es","@id":"https:\/\/gicosta.com\/#\/schema\/logo\/image\/","url":"https:\/\/gicosta.com\/wp-content\/uploads\/2023\/01\/Diseno-sin-titulo-1.png","contentUrl":"https:\/\/gicosta.com\/wp-content\/uploads\/2023\/01\/Diseno-sin-titulo-1.png","width":500,"height":500,"caption":"Consultora Arconte"},"image":{"@id":"https:\/\/gicosta.com\/#\/schema\/logo\/image\/"}}]}},"_links":{"self":[{"href":"https:\/\/gicosta.com\/index.php\/wp-json\/wp\/v2\/pages\/156","targetHints":{"allow":["GET"]}}],"collection":[{"href":"https:\/\/gicosta.com\/index.php\/wp-json\/wp\/v2\/pages"}],"about":[{"href":"https:\/\/gicosta.com\/index.php\/wp-json\/wp\/v2\/types\/page"}],"author":[{"embeddable":true,"href":"https:\/\/gicosta.com\/index.php\/wp-json\/wp\/v2\/users\/1"}],"replies":[{"embeddable":true,"href":"https:\/\/gicosta.com\/index.php\/wp-json\/wp\/v2\/comments?post=156"}],"version-history":[{"count":5,"href":"https:\/\/gicosta.com\/index.php\/wp-json\/wp\/v2\/pages\/156\/revisions"}],"predecessor-version":[{"id":164,"href":"https:\/\/gicosta.com\/index.php\/wp-json\/wp\/v2\/pages\/156\/revisions\/164"}],"wp:attachment":[{"href":"https:\/\/gicosta.com\/index.php\/wp-json\/wp\/v2\/media?parent=156"}],"curies":[{"name":"wp","href":"https:\/\/api.w.org\/{rel}","templated":true}]}}